{"id":919,"date":"2023-10-23T13:05:17","date_gmt":"2023-10-23T12:05:17","guid":{"rendered":"https:\/\/susannerubin.de\/?page_id=919"},"modified":"2023-11-11T16:24:29","modified_gmt":"2023-11-11T15:24:29","slug":"alsterglanz-und-alsterflimmern","status":"publish","type":"page","link":"https:\/\/susannerubin.de\/?page_id=919","title":{"rendered":"Alsterglanz und Alsterflimmern"},"content":{"rendered":"<div class=\"lp-wrapper full-width\">\n<div class=\"header full-width\"><\/div>\n<div class=\"satzContent\">\n<div class=\"content-text full-width\">\n<h4 class=\"centered header-ag-1\">Alsterglanz<\/h4>\n<div class=\"content-text textbox1\"><span class=\"bold\">Hamburg 1929:<\/span> Lotte kann ihr Gl\u00fcck kaum fassen: Gerade frisch in der brodelnden Metropole angekommen, bekommt sie die Chance, als Schneiderin im luxuri\u00f6sen Warenhaus Hermann Tietz zu arbeiten. Das direkt an der malerischen Binnenalster gelegene Kaufhaus verspricht ein ganz neues Lebensgef\u00fchl:<br \/>\n<img loading=\"lazy\" decoding=\"async\" class=\"alignleft size-medium wp-image-924\" src=\"https:\/\/susannerubin.de\/wp-content\/uploads\/2023\/10\/Naehmaschine-296x300.png\" alt=\"\" width=\"296\" height=\"300\" srcset=\"https:\/\/susannerubin.de\/wp-content\/uploads\/2023\/10\/Naehmaschine-296x300.png 296w, https:\/\/susannerubin.de\/wp-content\/uploads\/2023\/10\/Naehmaschine.png 373w\" sizes=\"auto, (max-width: 296px) 100vw, 296px\" \/>Mit Waren aus aller Welt, handverlesen und \u00fcber verschlungene Handelswege importiert, h\u00e4lt die moderne Zeit Einzug in die Hansestadt.<\/p>\n<p>Davon befl\u00fcgelt, sch\u00f6pft Lotte Hoffnung auf einen Neuanfang als unabh\u00e4ngige junge Frau. Als sie im Warenhaus den Kaufmann Jannes kennenlernt, f\u00fchlen sich die beiden gleich voneinander angezogen. Doch Lotte h\u00fctet ein Geheimnis, das es ihr unm\u00f6glich macht, sich ganz Jannes und einer gemeinsamen Zukunft zu widmen. Ein dunkles Geheimnis, das sie schneller einholt, als ihr lieb ist&#8230;<\/p>\n<\/div>\n<\/div>\n<div class=\"clar clearfix\"><\/div>\n<div class=\"full-width teaserHeadline\">\n<div class=\"content-text full-width\">\n<h4 class=\"centered header-ag-2\">Alsterflimmern<\/h4>\n<div class=\"content-text textbox2\" style=\"text-align: left;\"><span class=\"bold\">Hamburg 1929:<\/span> Hamburg 1951: Luise Vossen ist in London aufgewachsen und hat sich ihr ganzes Leben danach gesehnt, die Stadt kennenzulernen, in der ihre Eltern sich vor dem Zweiten Weltkrieg zum ersten Mal trafen und in der sie selbst das Licht der Welt erblickte. Sie ist beeindruckt vom alten Glanz der Metropole, der zwischen den Tr\u00fcmmern hindurchschimmert. Und noch etwas fasziniert Luise: der charmante Anwalt Jens Thomsen.<br \/>\n<img loading=\"lazy\" decoding=\"async\" class=\"alignright size-medium wp-image-925\" src=\"https:\/\/susannerubin.de\/wp-content\/uploads\/2023\/10\/Sterne-300x219.png\" alt=\"\" width=\"300\" height=\"219\" srcset=\"https:\/\/susannerubin.de\/wp-content\/uploads\/2023\/10\/Sterne-300x219.png 300w, https:\/\/susannerubin.de\/wp-content\/uploads\/2023\/10\/Sterne.png 452w\" sizes=\"auto, (max-width: 300px) 100vw, 300px\" \/><\/p>\n<p>Die Familiengeschichten der beiden sind eng mit dem Warenhaus Tietz verbunden. Die Tietzens verloren ihr Unternehmen w\u00e4hrend des National-sozialismus \u2013 f\u00fcr Luise ganz klar eine gro\u00dfe Ungerechtigkeit.<\/p>\n<p>Selbstverst\u00e4ndlich h\u00e4tte der Familie ihr Eigentum zur\u00fcckgegeben werden m\u00fcssen, davon ist sie \u00fcberzeugt. Doch Jens scheint auf der falschen Seite der Geschichte zu stehen. Muss Luise zwischen Moral und Liebe w\u00e4hlen?<\/p>\n<\/div>\n<\/div>\n<\/div>\n<div class=\"full-width teaserHeadline\">\n<div class=\"content-text full-width\">\n<h4 class=\"centered header-ag-3\">Ein wahrer Lesegenuss<\/h4>\n<div class=\"wp-block-columns\">\n<div class=\"wp-block-column\">\n<figure class=\"wp-block-image\"><a href=\"?books=alsterglanz-3\"><br \/>\n<img decoding=\"async\" class=\"wp-image-919\" src=\"https:\/\/susannerubin.de\/wp-content\/uploads\/2023\/10\/Alsterglanz-Buchcover_PER.png\" alt=\"\"><br \/>\n<\/a><\/figure>\n<p class=\"centered\"><a class=\"button\" href=\"?books=alsterglanz-3\">Zum Buch<\/a><\/p>\n<\/div>\n<div class=\"wp-block-column\">\n<figure class=\"wp-block-image\"><a href=\"?books=alsterflimmern-3\"><br \/>\n<img decoding=\"async\" class=\"wp-image-919\" src=\"https:\/\/susannerubin.de\/wp-content\/uploads\/2023\/10\/Alsterflimmern-Buchcover_PER.png\" alt=\"\"><br \/>\n<\/a><\/figure>\n<p class=\"centered\"><a class=\"button\" href=\"?books=alsterflimmern-3\">Zum Buch<\/a><\/p>\n<\/div>\n<\/div>\n<\/div>\n<\/div>\n<div class=\"footer-book-bg\">\n<div class=\"full-width centered\"><a class=\"backTiny\" href=\"\/\">Zur\u00fcck<\/a><\/div>\n<\/div>\n<\/div>\n<\/div>\n","protected":false},"excerpt":{"rendered":"<p>Alsterglanz Hamburg 1929: Lotte kann ihr Gl\u00fcck kaum fassen: Gerade frisch in der brodelnden Metropole angekommen, bekommt sie die Chance, als Schneiderin im luxuri\u00f6sen Warenhaus Hermann Tietz zu arbeiten. Das direkt an der malerischen Binnenalster gelegene Kaufhaus verspricht ein ganz neues Lebensgef\u00fchl: Mit Waren aus aller Welt, handverlesen und \u00fcber verschlungene Handelswege importiert, h\u00e4lt die [&hellip;]<\/p>\n","protected":false},"author":1,"featured_media":0,"parent":0,"menu_order":0,"comment_status":"closed","ping_status":"closed","template":"","meta":{"_genesis_hide_title":false,"_genesis_hide_breadcrumbs":false,"_genesis_hide_singular_image":false,"_genesis_hide_footer_widgets":false,"_genesis_custom_body_class":"","_genesis_custom_post_class":"","_genesis_layout":"","footnotes":""},"class_list":{"0":"post-919","1":"page","2":"type-page","3":"status-publish","5":"entry"},"_links":{"self":[{"href":"https:\/\/susannerubin.de\/index.php?rest_route=\/wp\/v2\/pages\/919","targetHints":{"allow":["GET"]}}],"collection":[{"href":"https:\/\/susannerubin.de\/index.php?rest_route=\/wp\/v2\/pages"}],"about":[{"href":"https:\/\/susannerubin.de\/index.php?rest_route=\/wp\/v2\/types\/page"}],"author":[{"embeddable":true,"href":"https:\/\/susannerubin.de\/index.php?rest_route=\/wp\/v2\/users\/1"}],"replies":[{"embeddable":true,"href":"https:\/\/susannerubin.de\/index.php?rest_route=%2Fwp%2Fv2%2Fcomments&post=919"}],"version-history":[{"count":34,"href":"https:\/\/susannerubin.de\/index.php?rest_route=\/wp\/v2\/pages\/919\/revisions"}],"predecessor-version":[{"id":998,"href":"https:\/\/susannerubin.de\/index.php?rest_route=\/wp\/v2\/pages\/919\/revisions\/998"}],"wp:attachment":[{"href":"https:\/\/susannerubin.de\/index.php?rest_route=%2Fwp%2Fv2%2Fmedia&parent=919"}],"curies":[{"name":"wp","href":"https:\/\/api.w.org\/{rel}","templated":true}]}}