{"id":853,"date":"2021-08-02T15:27:32","date_gmt":"2021-08-02T14:27:32","guid":{"rendered":"https:\/\/susannerubin.de\/?page_id=853"},"modified":"2021-08-19T09:38:13","modified_gmt":"2021-08-19T08:38:13","slug":"das-grandhotel-an-der-alster","status":"publish","type":"page","link":"https:\/\/susannerubin.de\/?page_id=853","title":{"rendered":"Das Grandhotel an der Alster"},"content":{"rendered":"<div class=\"lp-wrapper full-width\">\n<div class=\"header full-width\">\n        <a href=\"?books=das-grandhotel-an-der-alster\"><\/p>\n<div class=\"header-text cantata centered\"><\/div>\n<div class=\"header-book-text-853 cantata\">\n<p>                <span class=\"font-bigger\">Lina-Marie Jacoby<\/span> lie\u00df den Blick<br \/>\nerneut \u00fcber die ganz leicht im Wind wogende<br \/>\nKrone der <span class=\"font-bigger\">alten Weide<\/span> gleiten.<br \/>\nDas Mondlicht zauberte Schemen auf die<br \/>\nOberfl\u00e4che <span class=\"font-bigger\">der Alster<\/span>, die in der<br \/>\n<span class=\"font-bigger\">Dunkelheit<\/span> zu tanzen schienen.<\/p>\n<\/div>\n<p><\/a><a href=\"?books=das-grandhotel-an-der-alster\"><\/a><a href=\"?books=das-grandhotel-an-der-alster\"><\/a><a href=\"?books=das-grandhotel-an-der-alster\"><\/a><a href=\"?books=das-grandhotel-an-der-alster\">        <\/a><\/p>\n<\/div>\n<div class=\"satzContent\">\n<div class=\"content-text full-width\">\n<h4 class=\"centered\"><span>Der Roman<\/span><\/h4>\n<div class=\"content-text textbox1\">\n<div class=\"contentTeas cantata\">Hamburg, 2019,<\/div>\n<p>Als der Besitzer des Hotel Jacoby stirbt, ist die \u00dcberraschung gro\u00df: Das Hotel geht nicht an seine Kinder, sondern an Ryan Maclane aus Schottland. Emily Magnussen regelt die \u00dcbergabe &#8211; sie ist sofort fasziniert von Ryan, der ebenfalls nicht wei\u00df, warum er das prestigereiche Hotel erbt. Gemeinsam gehen sie dem Geheimnis auf den Grund.<\/p>\n<\/div>\n<div class=\"content-text textbox2\">\n<div class=\"contentTeas cantata\">Sechzig Jahre zuvor:<\/div>\n<p>Nach dem Tod ihres Mannes hat Lina Jacoby das Hotel ihrer Eltern allen Zweiflern zum Trotz durch die Kriegsjahre gebracht und will ihm nun zu neuem Glanz verhelfen. Dass sie sich in ihren Chefkoch Martin verliebt, macht es nicht leichter. Da taucht eine Hebamme auf, die Lina eine unfassbare Geschichte erz\u00e4hlt, die alles, was sie \u00fcber ihre Familie zu wissen glaubte, ins Wanken bringt&#8230;<\/p>\n<\/div>\n<\/div>\n<div class=\"content-text full-width\">\n<div class=\"cluster-element-853-1\">\n                <span class=\"font-bigger\">Im Augenblick<\/span> kommt es mir so vor,<br \/>\nals w\u00fcrde ich nie herausfinden,<br \/>\nwarum ich <span class=\"font-bigger\">das Hotel<\/span> geerbt habe.<\/p>\n<p class=\"source\">(RYAN MACLANE<br \/>\n\u2013Zitat aus: &#8222;DAS GRANDHOTEL AN DER ALSTER&#8220;.)<\/p>\n<\/div>\n<\/div>\n<div class=\"clearfix clear\"><\/div>\n<div class=\"content-text full-width\">\n<div class=\"cluster-element-853-2\">\n                Diese Erbschaft, <span class=\"font-bigger\">Emily<\/span> &#8230;<br \/>\nEs war fast so, als w\u00fcrde mir das <span class=\"font-bigger\">Schicksal<\/span> zurufen:<br \/>\n&gt; Es ist an der <span class=\"font-bigger\">Zeit<\/span>, Ryan Maclane. \u00c4ndere dein<br \/>\nLeben und geh endlich <span class=\"font-bigger\">neue Wege<\/span>.&lt;<\/p>\n<p class=\"source\">(RYAN MACLANE<br \/>\n\u2013Zitat aus: &#8222;DAS GRANDHOTEL AN DER ALSTER&#8220;.)<\/p>\n<\/div>\n<\/div>\n<div class=\"full-width teaserHeadline\">\n<div class=\"content-text full-width\">\n<h4 class=\"centered\"><span>Ein wahrer Lesegenuss<\/span><\/h4>\n<\/div>\n<\/div>\n<div class=\"footer-book-bg\">\n<div class=\"full-width centered\">\n<figure class=\"wp-block-image\"><a href=\"?books=das-grandhotel-an-der-alster\"><img decoding=\"async\" class=\"wp-image-193\" src=\"https:\/\/susannerubin.de\/wp-content\/uploads\/2021\/04\/Das-Grand-Hotel-an-der-Alster-Buchcover_PER-684x1024.png\" alt=\"\"><\/a><\/figure>\n<p><a class=\"button\" href=\"?books=das-grandhotel-an-der-alster\">Zum Buch<\/a><\/p>\n<\/div>\n<div class=\"full-width centered\">\n                <a href=\"\/\" class=\"backTiny\">Zur\u00fcck<\/a><\/div>\n<\/div>\n<\/div>\n<\/div>\n","protected":false},"excerpt":{"rendered":"<p>Lina-Marie Jacoby lie\u00df den Blick erneut \u00fcber die ganz leicht im Wind wogende Krone der alten Weide gleiten. Das Mondlicht zauberte Schemen auf die Oberfl\u00e4che der Alster, die in der Dunkelheit zu tanzen schienen. Der Roman Hamburg, 2019, Als der Besitzer des Hotel Jacoby stirbt, ist die \u00dcberraschung gro\u00df: Das Hotel geht nicht an seine [&hellip;]<\/p>\n","protected":false},"author":1,"featured_media":0,"parent":0,"menu_order":0,"comment_status":"closed","ping_status":"closed","template":"","meta":{"_genesis_hide_title":false,"_genesis_hide_breadcrumbs":false,"_genesis_hide_singular_image":false,"_genesis_hide_footer_widgets":false,"_genesis_custom_body_class":"","_genesis_custom_post_class":"","_genesis_layout":"","footnotes":""},"class_list":{"0":"post-853","1":"page","2":"type-page","3":"status-publish","5":"entry"},"_links":{"self":[{"href":"https:\/\/susannerubin.de\/index.php?rest_route=\/wp\/v2\/pages\/853","targetHints":{"allow":["GET"]}}],"collection":[{"href":"https:\/\/susannerubin.de\/index.php?rest_route=\/wp\/v2\/pages"}],"about":[{"href":"https:\/\/susannerubin.de\/index.php?rest_route=\/wp\/v2\/types\/page"}],"author":[{"embeddable":true,"href":"https:\/\/susannerubin.de\/index.php?rest_route=\/wp\/v2\/users\/1"}],"replies":[{"embeddable":true,"href":"https:\/\/susannerubin.de\/index.php?rest_route=%2Fwp%2Fv2%2Fcomments&post=853"}],"version-history":[{"count":27,"href":"https:\/\/susannerubin.de\/index.php?rest_route=\/wp\/v2\/pages\/853\/revisions"}],"predecessor-version":[{"id":911,"href":"https:\/\/susannerubin.de\/index.php?rest_route=\/wp\/v2\/pages\/853\/revisions\/911"}],"wp:attachment":[{"href":"https:\/\/susannerubin.de\/index.php?rest_route=%2Fwp%2Fv2%2Fmedia&parent=853"}],"curies":[{"name":"wp","href":"https:\/\/api.w.org\/{rel}","templated":true}]}}