{"id":84,"date":"2019-01-30T21:01:48","date_gmt":"2019-01-30T20:01:48","guid":{"rendered":"https:\/\/susannerubin.de\/?page_id=84"},"modified":"2023-11-11T16:51:11","modified_gmt":"2023-11-11T15:51:11","slug":"romane","status":"publish","type":"page","link":"https:\/\/susannerubin.de\/?page_id=84","title":{"rendered":"Romane"},"content":{"rendered":"\n<div class=\"wp-block-columns has-2-columns is-layout-flex wp-container-core-columns-is-layout-9d6595d7 wp-block-columns-is-layout-flex\">\n<div class=\"wp-block-column is-layout-flow wp-block-column-is-layout-flow\">\n<div style=\"height:50px\" aria-hidden=\"true\" class=\"wp-block-spacer\"><\/div>\n\n\n\n<h4 class=\"wp-block-heading\"><a href=\"?books=alsterglanz-3\">Alsterglanz<\/a><\/h4>\n\n\n\n<p>\n            Hamburg 1929. \n            Lotte kann ihr Gl\u00fcck kaum fassen: Gerade frisch in der brodelnden Metropole angekommen, bekommt sie die Chance, als Schneiderin im luxuri\u00f6sen Warenhaus Hermann Tietz zu arbeiten. Das direkt an der malerischen Binnenalster gelegene Kaufhaus verspricht ein ganz neues Lebensgef\u00fchl: Mit Waren aus aller Welt, handverlesen und \u00fcber verschlungene Handelswege importiert, h\u00e4lt die moderne Zeit Einzug in die Hansestadt.\n        <\/p>\n\n\n\n<p>\n            Davon befl\u00fcgelt, sch\u00f6pft Lotte Hoffnung auf einen Neuanfang als unabh\u00e4ngige junge Frau. Als sie im Warenhaus den Kaufmann Jannes kennenlernt, f\u00fchlen sich die beiden gleich voneinander angezogen. Doch Lotte h\u00fctet ein Geheimnis, das es ihr unm\u00f6glich macht, sich ganz Jannes und einer gemeinsamen Zukunft zu widmen. Ein dunkles Geheimnis, das sie schneller einholt, als ihr lieb ist&#8230;\n        <\/p>\n\n\n\n<p><a class=\"button\" href=\"\/?books=alsterglanz-3\">Zum Buch<\/a><\/p>\n<\/div>\n\n\n\n<div class=\"wp-block-column is-layout-flow wp-block-column-is-layout-flow\">\n<figure class=\"wp-block-image\">\n            <a href=\"\/?books=alsterglanz-3\"><img decoding=\"async\"\n                    src=\"https:\/\/susannerubin.de\/wp-content\/uploads\/2023\/10\/Alsterglanz-Buchcover_PER.png\"\n                    alt=\"\" class=\"wp-image-764\" \/><\/a>\n            <figcaption><a href=\"?books=alsterglanz-3\">Alsterglanz<\/a><\/figcaption>\n        <\/figure>\n<\/div>\n<\/div>\n\n\n\n<div style=\"height:50px\" aria-hidden=\"true\" class=\"wp-block-spacer\"><\/div>\n\n\n\n<h3 class=\"wp-block-heading\" id=\"mce_23\">eBooks<br><\/h3>\n\n\n\n<div class=\"wp-block-columns has-2-columns is-layout-flex wp-container-core-columns-is-layout-9d6595d7 wp-block-columns-is-layout-flex\">\n<div class=\"wp-block-column is-layout-flow wp-block-column-is-layout-flow\">\n<div class=\"wp-block-columns has-2-columns is-layout-flex wp-container-core-columns-is-layout-9d6595d7 wp-block-columns-is-layout-flex\">\n<div class=\"wp-block-column is-layout-flow wp-block-column-is-layout-flow\">\n<figure class=\"wp-block-image\"><a href=\"?books=alsterflimmern-3\" rel=\"\"><img decoding=\"async\" src=\"https:\/\/susannerubin.de\/wp-content\/uploads\/2023\/10\/Alsterflimmern-Buchcover_eBook_PER.png\" alt=\"\" class=\"wp-image-711\"\/><\/a><figcaption><a href=\"?books=alsterflimmern-3\">Alsterflimmern<\/a>\n                    <\/figcaption><\/figure>\n<\/div>\n\n\n\n<div class=\"wp-block-column is-layout-flow wp-block-column-is-layout-flow\">\n<figure class=\"wp-block-image\"><a href=\"?books=alsterglanz-3\" rel=\"\"><img decoding=\"async\" src=\"https:\/\/susannerubin.de\/wp-content\/uploads\/2023\/10\/Alsterglanz-Buchcover_eBook_PER.png\" alt=\"\" class=\"wp-image-711\"\/><\/a><figcaption><a href=\"?books=alsterglanz-3\">Alsterglanz<\/a>\n                    <\/figcaption><\/figure>\n<\/div>\n<\/div>\n<\/div>\n\n\n\n<div class=\"wp-block-column is-layout-flow wp-block-column-is-layout-flow\">\n<div class=\"wp-block-columns has-2-columns is-layout-flex wp-container-core-columns-is-layout-9d6595d7 wp-block-columns-is-layout-flex\">\n<div class=\"wp-block-column is-layout-flow wp-block-column-is-layout-flow\">\n<figure class=\"wp-block-image\"><a href=\"?books=das-grandhotel-an-der-alster\" rel=\"\"><img decoding=\"async\" src=\"https:\/\/susannerubin.de\/wp-content\/uploads\/2021\/04\/Das-Grand-Hotel-an-der-Alster-Buchcover_eBook_PER.png\" alt=\"\" class=\"wp-image-711\"\/><\/a><figcaption><a href=\"?books=das-grandhotel-an-der-alster\">Das Grandhotel an der Alster<\/a>\n                    <\/figcaption><\/figure>\n<\/div>\n\n\n\n<div class=\"wp-block-column is-layout-flow wp-block-column-is-layout-flow\">\n<figure class=\"wp-block-image\"><a href=\"?books=die-erben-von-gut-lerchengrund\" rel=\"\"><img decoding=\"async\" src=\"https:\/\/susannerubin.de\/wp-content\/uploads\/2020\/08\/Die-Erben-von-Gut-Lerchengrund-eBook_PER.png\" alt=\"\" class=\"wp-image-711\"\/><\/a><figcaption><a href=\"?books=die-erben-von-gut-lerchengrund\">Die Erben von Gut Lerchengrund<\/a>\n                    <\/figcaption><\/figure>\n<\/div>\n<\/div>\n<\/div>\n<\/div>\n\n\n\n<div class=\"wp-block-columns has-2-columns is-layout-flex wp-container-core-columns-is-layout-9d6595d7 wp-block-columns-is-layout-flex\">\n<div class=\"wp-block-column is-layout-flow wp-block-column-is-layout-flow\">\n<div class=\"wp-block-columns has-2-columns is-layout-flex wp-container-core-columns-is-layout-9d6595d7 wp-block-columns-is-layout-flex\">\n<div class=\"wp-block-column is-layout-flow wp-block-column-is-layout-flow\">\n<figure class=\"wp-block-image\"><a href=\"\/?books=die-frau-des-kaffeehaendlers\" rel=\"\"><img decoding=\"async\" src=\"https:\/\/susannerubin.de\/wp-content\/uploads\/2020\/08\/Die-Frau-des-Kaffeehaendlers-eBook_PER.png\" alt=\"\" class=\"wp-image-710\"\/><\/a><figcaption><a href=\"?books=die-frau-des-kaffeehaendlers\">Die Frau des Kaffeeh\u00e4ndlers<\/a>\n                    <\/figcaption><\/figure>\n<\/div>\n\n\n\n<div class=\"wp-block-column is-layout-flow wp-block-column-is-layout-flow\">\n<figure class=\"wp-block-image\"><a href=\"?books=heidewinter-lunau-3\" rel=\"\"><img loading=\"lazy\" decoding=\"async\" width=\"684\" height=\"1024\" src=\"https:\/\/susannerubin.de\/wp-content\/uploads\/2019\/08\/Heidewinter-Buchcover_eBook_PER-684x1024.png\" alt=\"\" class=\"wp-image-711\" srcset=\"https:\/\/susannerubin.de\/wp-content\/uploads\/2019\/08\/Heidewinter-Buchcover_eBook_PER-684x1024.png 684w, https:\/\/susannerubin.de\/wp-content\/uploads\/2019\/08\/Heidewinter-Buchcover_eBook_PER-200x300.png 200w, https:\/\/susannerubin.de\/wp-content\/uploads\/2019\/08\/Heidewinter-Buchcover_eBook_PER-768x1150.png 768w, https:\/\/susannerubin.de\/wp-content\/uploads\/2019\/08\/Heidewinter-Buchcover_eBook_PER.png 1596w\" sizes=\"auto, (max-width: 684px) 100vw, 684px\" \/><\/a><figcaption><a href=\"?books=heidewinter-lunau-3\">Heidewinter | Lunau 3<\/a><\/figcaption><\/figure>\n<\/div>\n<\/div>\n<\/div>\n\n\n\n<div class=\"wp-block-column is-layout-flow wp-block-column-is-layout-flow\">\n<div class=\"wp-block-columns has-2-columns is-layout-flex wp-container-core-columns-is-layout-9d6595d7 wp-block-columns-is-layout-flex\">\n<div class=\"wp-block-column is-layout-flow wp-block-column-is-layout-flow\">\n<figure class=\"wp-block-image\"><a href=\"\/?books=der-holundergarten-lunau-2\" rel=\"\"><img loading=\"lazy\" decoding=\"async\" width=\"684\" height=\"1024\" src=\"https:\/\/susannerubin.de\/wp-content\/uploads\/2019\/08\/Der-Holundergarten-Buchcover_eBook_PER-684x1024.png\" alt=\"\" class=\"wp-image-710\" srcset=\"https:\/\/susannerubin.de\/wp-content\/uploads\/2019\/08\/Der-Holundergarten-Buchcover_eBook_PER-684x1024.png 684w, https:\/\/susannerubin.de\/wp-content\/uploads\/2019\/08\/Der-Holundergarten-Buchcover_eBook_PER-200x300.png 200w, https:\/\/susannerubin.de\/wp-content\/uploads\/2019\/08\/Der-Holundergarten-Buchcover_eBook_PER-768x1150.png 768w, https:\/\/susannerubin.de\/wp-content\/uploads\/2019\/08\/Der-Holundergarten-Buchcover_eBook_PER.png 1596w\" sizes=\"auto, (max-width: 684px) 100vw, 684px\" \/><\/a><figcaption><a href=\"?books=der-holundergarten-lunau-2\">Der Holundergarten | Lunau 2<\/a>\n                    <\/figcaption><\/figure>\n<\/div>\n\n\n\n<div class=\"wp-block-column is-layout-flow wp-block-column-is-layout-flow\">\n<figure class=\"wp-block-image\"><a href=\"\/?books=wilder-wacholder-lunau-1\" rel=\"\"><img loading=\"lazy\" decoding=\"async\" width=\"684\" height=\"1024\" src=\"https:\/\/susannerubin.de\/wp-content\/uploads\/2019\/04\/Wilder-Wacholder-Buchcover_eBook_PER-684x1024.png\" alt=\"\" class=\"wp-image-598\" srcset=\"https:\/\/susannerubin.de\/wp-content\/uploads\/2019\/04\/Wilder-Wacholder-Buchcover_eBook_PER-684x1024.png 684w, https:\/\/susannerubin.de\/wp-content\/uploads\/2019\/04\/Wilder-Wacholder-Buchcover_eBook_PER-200x300.png 200w, https:\/\/susannerubin.de\/wp-content\/uploads\/2019\/04\/Wilder-Wacholder-Buchcover_eBook_PER-768x1150.png 768w, https:\/\/susannerubin.de\/wp-content\/uploads\/2019\/04\/Wilder-Wacholder-Buchcover_eBook_PER.png 1596w\" sizes=\"auto, (max-width: 684px) 100vw, 684px\" \/><\/a><figcaption><a href=\"?books=wilder-wacholder-lunau-1\">Wilder Wacholder | Lunau 1<\/a><\/figcaption><\/figure>\n<\/div>\n<\/div>\n<\/div>\n<\/div>\n\n\n\n<div class=\"wp-block-columns has-2-columns is-layout-flex wp-container-core-columns-is-layout-9d6595d7 wp-block-columns-is-layout-flex\">\n<div class=\"wp-block-column is-layout-flow wp-block-column-is-layout-flow\">\n<div class=\"wp-block-columns has-2-columns is-layout-flex wp-container-core-columns-is-layout-9d6595d7 wp-block-columns-is-layout-flex\">\n<div class=\"wp-block-column is-layout-flow wp-block-column-is-layout-flow\">\n<div style=\"height:70px\" aria-hidden=\"true\" class=\"wp-block-spacer\"><\/div>\n\n\n\n<div class=\"wp-block-image\"><figure class=\"aligncenter\"><img loading=\"lazy\" decoding=\"async\" width=\"800\" height=\"800\" src=\"https:\/\/susannerubin.de\/wp-content\/uploads\/2019\/04\/demnaechst_mehr_stoerer.png\" alt=\"\" class=\"wp-image-638\" srcset=\"https:\/\/susannerubin.de\/wp-content\/uploads\/2019\/04\/demnaechst_mehr_stoerer.png 800w, https:\/\/susannerubin.de\/wp-content\/uploads\/2019\/04\/demnaechst_mehr_stoerer-150x150.png 150w, https:\/\/susannerubin.de\/wp-content\/uploads\/2019\/04\/demnaechst_mehr_stoerer-300x300.png 300w, https:\/\/susannerubin.de\/wp-content\/uploads\/2019\/04\/demnaechst_mehr_stoerer-768x768.png 768w\" sizes=\"auto, (max-width: 800px) 100vw, 800px\" \/><\/figure><\/div>\n<\/div>\n<\/div>\n<\/div>\n<\/div>\n\n\n\n<div style=\"height:50px\" aria-hidden=\"true\" class=\"wp-block-spacer\"><\/div>\n\n\n\n<h3 class=\"wp-block-heading\">Bibliografie<br><\/h3>\n\n\n\n<div class=\"wp-block-columns is-layout-flex wp-container-core-columns-is-layout-9d6595d7 wp-block-columns-is-layout-flex\">\n<div class=\"wp-block-column is-layout-flow wp-block-column-is-layout-flow\">\n<div class=\"wp-block-columns is-layout-flex wp-container-core-columns-is-layout-9d6595d7 wp-block-columns-is-layout-flex\">\n<div class=\"wp-block-column is-layout-flow wp-block-column-is-layout-flow\">\n                <figure class=\"wp-block-image\"><a href=\"\/?books=alsterflimmern-3\"><img decoding=\"async\"\n                            src=\"https:\/\/susannerubin.de\/wp-content\/uploads\/2023\/10\/Alsterflimmern-Buchcover_PER.png\"\n                            alt=\"\" class=\"wp-image-194\" \/><\/a>\n                    <figcaption><a href=\"?books=alsterflimmern-3\">Alsterflimmern<\/a><\/figcaption>\n                <\/figure>\n            <\/div>\n\n\n\n<div class=\"wp-block-column is-layout-flow wp-block-column-is-layout-flow\">\n                <figure class=\"wp-block-image\"><a href=\"\/?books=alsterglanz-3\"><img decoding=\"async\"\n                            src=\"https:\/\/susannerubin.de\/wp-content\/uploads\/2023\/10\/Alsterglanz-Buchcover_PER.png\"\n                            alt=\"\" class=\"wp-image-194\" \/><\/a>\n                    <figcaption><a href=\"?books=alsterglanz-3\">Alsterglanz<\/a><\/figcaption>\n                <\/figure>\n            <\/div>\n<\/div>\n<\/div>\n\n\n\n<div class=\"wp-block-column is-layout-flow wp-block-column-is-layout-flow\">\n<div class=\"wp-block-columns is-layout-flex wp-container-core-columns-is-layout-9d6595d7 wp-block-columns-is-layout-flex\">\n<div class=\"wp-block-column is-layout-flow wp-block-column-is-layout-flow\">\n                <figure class=\"wp-block-image\"><a href=\"\/?books=das-grandhotel-an-der-alster\"><img decoding=\"async\"\n                            src=\"https:\/\/susannerubin.de\/wp-content\/uploads\/2021\/04\/Das-Grand-Hotel-an-der-Alster-Buchcover_PER-684x1024.png\"\n                            alt=\"\" class=\"wp-image-195\" \/><\/a>\n                    <figcaption><a href=\"?books=das-grandhotel-an-der-alster\">Das Grandhotel an der Alster<\/a>\n                    <\/figcaption>\n                <\/figure>\n            <\/div>\n\n\n\n<div class=\"wp-block-column is-layout-flow wp-block-column-is-layout-flow\">\n                <figure class=\"wp-block-image\"><a href=\"\/?books=die-erben-von-gut-lerchengrund\"><img decoding=\"async\"\n                            src=\"https:\/\/susannerubin.de\/wp-content\/uploads\/2020\/01\/Die-Erben-von-Gut-Lerchengrund-Buchcover_PER-360x570.png\"\n                            alt=\"\" class=\"wp-image-200\" \/><\/a>\n                    <figcaption><a href=\"?books=die-erben-von-gut-lerchengrund\">Die Erben von Gut Lerchengrund<\/a>\n                    <\/figcaption>\n                <\/figure>\n            <\/div>\n<\/div>\n<\/div>\n<\/div>\n\n\n\n<div class=\"wp-block-columns is-layout-flex wp-container-core-columns-is-layout-9d6595d7 wp-block-columns-is-layout-flex\">\n<div class=\"wp-block-column is-layout-flow wp-block-column-is-layout-flow\">\n<div class=\"wp-block-columns is-layout-flex wp-container-core-columns-is-layout-9d6595d7 wp-block-columns-is-layout-flex\">\n<div class=\"wp-block-column is-layout-flow wp-block-column-is-layout-flow\">\n                <figure class=\"wp-block-image\"><a href=\"\/?books=der-holundergarten-lunau-2\"><img loading=\"lazy\" decoding=\"async\" width=\"684\" height=\"1024\"\n                            src=\"https:\/\/susannerubin.de\/wp-content\/uploads\/2019\/02\/Der-Holundergarten-Buchcover_PER-684x1024.png\"\n                            alt=\"\" class=\"wp-image-195\" srcset=\"https:\/\/susannerubin.de\/wp-content\/uploads\/2019\/02\/Der-Holundergarten-Buchcover_PER-684x1024.png 684w, https:\/\/susannerubin.de\/wp-content\/uploads\/2019\/02\/Der-Holundergarten-Buchcover_PER-200x300.png 200w, https:\/\/susannerubin.de\/wp-content\/uploads\/2019\/02\/Der-Holundergarten-Buchcover_PER-768x1150.png 768w, https:\/\/susannerubin.de\/wp-content\/uploads\/2019\/02\/Der-Holundergarten-Buchcover_PER.png 1596w\" sizes=\"auto, (max-width: 684px) 100vw, 684px\" \/><\/a>\n                    <figcaption><a href=\"?books=der-holundergarten-lunau-2\">Der Holundergarten | Lunau 2<\/a>\n                    <\/figcaption>\n                <\/figure>\n            <\/div>\n\n\n\n<div class=\"wp-block-column is-layout-flow wp-block-column-is-layout-flow\">\n                <figure class=\"wp-block-image\"><a href=\"\/?books=wilder-wacholder-lunau-1\"><img loading=\"lazy\" decoding=\"async\" width=\"684\" height=\"1024\"\n                            src=\"https:\/\/susannerubin.de\/wp-content\/uploads\/2019\/02\/Wilder-Wacholder-Buchcover_PER-684x1024.png\"\n                            alt=\"\" class=\"wp-image-200\" srcset=\"https:\/\/susannerubin.de\/wp-content\/uploads\/2019\/02\/Wilder-Wacholder-Buchcover_PER-684x1024.png 684w, https:\/\/susannerubin.de\/wp-content\/uploads\/2019\/02\/Wilder-Wacholder-Buchcover_PER-200x300.png 200w, https:\/\/susannerubin.de\/wp-content\/uploads\/2019\/02\/Wilder-Wacholder-Buchcover_PER-768x1150.png 768w, https:\/\/susannerubin.de\/wp-content\/uploads\/2019\/02\/Wilder-Wacholder-Buchcover_PER.png 1596w\" sizes=\"auto, (max-width: 684px) 100vw, 684px\" \/><\/a>\n                    <figcaption><a href=\"?books=wilder-wacholder-lunau-1\">Wilder Wacholder | Lunau 1<\/a><\/figcaption>\n                <\/figure>\n            <\/div>\n<\/div>\n<\/div>\n\n\n\n<div class=\"wp-block-column is-layout-flow wp-block-column-is-layout-flow\">\n<div class=\"wp-block-columns is-layout-flex wp-container-core-columns-is-layout-9d6595d7 wp-block-columns-is-layout-flex\">\n<div class=\"wp-block-column is-layout-flow wp-block-column-is-layout-flow\">\n                <figure class=\"wp-block-image\"><a href=\"?books=die-frau-des-kaffeehaendlers\" rel=\"\"><img loading=\"lazy\" decoding=\"async\" width=\"684\" height=\"1024\"\n                            src=\"https:\/\/susannerubin.de\/wp-content\/uploads\/2019\/02\/Die-Frau-des-Kaffeehaendlers-Buchcover_PER-684x1024.png\"\n                            alt=\"\" class=\"wp-image-193\" srcset=\"https:\/\/susannerubin.de\/wp-content\/uploads\/2019\/02\/Die-Frau-des-Kaffeehaendlers-Buchcover_PER-684x1024.png 684w, https:\/\/susannerubin.de\/wp-content\/uploads\/2019\/02\/Die-Frau-des-Kaffeehaendlers-Buchcover_PER-200x300.png 200w, https:\/\/susannerubin.de\/wp-content\/uploads\/2019\/02\/Die-Frau-des-Kaffeehaendlers-Buchcover_PER-768x1150.png 768w, https:\/\/susannerubin.de\/wp-content\/uploads\/2019\/02\/Die-Frau-des-Kaffeehaendlers-Buchcover_PER.png 1596w\" sizes=\"auto, (max-width: 684px) 100vw, 684px\" \/><\/a>\n                    <figcaption><a href=\"?books=die-frau-des-kaffeehaendlers\">Die Frau des Kaffeeh\u00e4ndlers<\/a>\n                    <\/figcaption>\n                <\/figure>\n            <\/div>\n\n\n\n<div class=\"wp-block-column is-layout-flow wp-block-column-is-layout-flow\">\n                <figure class=\"wp-block-image\"><a href=\"\/?books=heidewinter-lunau-3\" rel=\"\"><img loading=\"lazy\" decoding=\"async\" width=\"684\" height=\"1024\"\n                            src=\"https:\/\/susannerubin.de\/wp-content\/uploads\/2019\/02\/Heidewinter-Buchcover_PER-684x1024.png\"\n                            alt=\"\" class=\"wp-image-198\" srcset=\"https:\/\/susannerubin.de\/wp-content\/uploads\/2019\/02\/Heidewinter-Buchcover_PER-684x1024.png 684w, https:\/\/susannerubin.de\/wp-content\/uploads\/2019\/02\/Heidewinter-Buchcover_PER-200x300.png 200w, https:\/\/susannerubin.de\/wp-content\/uploads\/2019\/02\/Heidewinter-Buchcover_PER-768x1150.png 768w, https:\/\/susannerubin.de\/wp-content\/uploads\/2019\/02\/Heidewinter-Buchcover_PER.png 1596w\" sizes=\"auto, (max-width: 684px) 100vw, 684px\" \/><\/a>\n                    <figcaption><a href=\"?books=heidewinter-lunau-3\">Heidewinter | Lunau 3<\/a><\/figcaption>\n                <\/figure>\n            <\/div>\n<\/div>\n<\/div>\n<\/div>\n\n\n\n<div class=\"wp-block-columns is-layout-flex wp-container-core-columns-is-layout-9d6595d7 wp-block-columns-is-layout-flex\">\n<div class=\"wp-block-column is-layout-flow wp-block-column-is-layout-flow\">\n<div class=\"wp-block-columns is-layout-flex wp-container-core-columns-is-layout-9d6595d7 wp-block-columns-is-layout-flex\">\n<div class=\"wp-block-column is-layout-flow wp-block-column-is-layout-flow\">\n                <figure class=\"wp-block-image\"><a href=\"\/?books=die-farbe-des-mondes\"><img loading=\"lazy\" decoding=\"async\" width=\"684\" height=\"1024\"\n                            src=\"https:\/\/susannerubin.de\/wp-content\/uploads\/2019\/02\/Die-Farbe-des-Mondes-Buchcover_PER-684x1024.png\"\n                            alt=\"\" class=\"wp-image-196\" srcset=\"https:\/\/susannerubin.de\/wp-content\/uploads\/2019\/02\/Die-Farbe-des-Mondes-Buchcover_PER-684x1024.png 684w, https:\/\/susannerubin.de\/wp-content\/uploads\/2019\/02\/Die-Farbe-des-Mondes-Buchcover_PER-200x300.png 200w, https:\/\/susannerubin.de\/wp-content\/uploads\/2019\/02\/Die-Farbe-des-Mondes-Buchcover_PER-768x1150.png 768w, https:\/\/susannerubin.de\/wp-content\/uploads\/2019\/02\/Die-Farbe-des-Mondes-Buchcover_PER.png 1596w\" sizes=\"auto, (max-width: 684px) 100vw, 684px\" \/><\/a>\n                    <figcaption><a href=\"?books=die-farbe-des-mondes\">Die Farbe des Mondes<\/a><\/figcaption>\n                <\/figure>\n            <\/div>\n\n\n\n<div class=\"wp-block-column is-layout-flow wp-block-column-is-layout-flow\">\n                <figure class=\"wp-block-image\"><a href=\"\/?books=eine-spur-von-lavendel\"><img loading=\"lazy\" decoding=\"async\" width=\"684\" height=\"1024\"\n                            src=\"https:\/\/susannerubin.de\/wp-content\/uploads\/2019\/02\/Eine-Spur-von-Lavendel-Buchcover_PER-684x1024.png\"\n                            alt=\"\" class=\"wp-image-197\" srcset=\"https:\/\/susannerubin.de\/wp-content\/uploads\/2019\/02\/Eine-Spur-von-Lavendel-Buchcover_PER-684x1024.png 684w, https:\/\/susannerubin.de\/wp-content\/uploads\/2019\/02\/Eine-Spur-von-Lavendel-Buchcover_PER-200x300.png 200w, https:\/\/susannerubin.de\/wp-content\/uploads\/2019\/02\/Eine-Spur-von-Lavendel-Buchcover_PER-768x1150.png 768w, https:\/\/susannerubin.de\/wp-content\/uploads\/2019\/02\/Eine-Spur-von-Lavendel-Buchcover_PER.png 1596w\" sizes=\"auto, (max-width: 684px) 100vw, 684px\" \/><\/a>\n                    <figcaption><a href=\"?books=eine-spur-von-lavendel\">Eine Spur von Lavendel<\/a><\/figcaption>\n                <\/figure>\n            <\/div>\n<\/div>\n<\/div>\n\n\n\n<div class=\"wp-block-column is-layout-flow wp-block-column-is-layout-flow\">\n<div class=\"wp-block-columns is-layout-flex wp-container-core-columns-is-layout-9d6595d7 wp-block-columns-is-layout-flex\">\n<div class=\"wp-block-column is-layout-flow wp-block-column-is-layout-flow\">\n                <figure class=\"wp-block-image\"><a href=\"\/?books=sophies-melodie\"><img loading=\"lazy\" decoding=\"async\" width=\"684\" height=\"1024\"\n                            src=\"https:\/\/susannerubin.de\/wp-content\/uploads\/2019\/02\/Sophies-Melodie-Buchcover_PER-684x1024.png\"\n                            alt=\"\" class=\"wp-image-199\" srcset=\"https:\/\/susannerubin.de\/wp-content\/uploads\/2019\/02\/Sophies-Melodie-Buchcover_PER-684x1024.png 684w, https:\/\/susannerubin.de\/wp-content\/uploads\/2019\/02\/Sophies-Melodie-Buchcover_PER-200x300.png 200w, https:\/\/susannerubin.de\/wp-content\/uploads\/2019\/02\/Sophies-Melodie-Buchcover_PER-768x1150.png 768w, https:\/\/susannerubin.de\/wp-content\/uploads\/2019\/02\/Sophies-Melodie-Buchcover_PER.png 1596w\" sizes=\"auto, (max-width: 684px) 100vw, 684px\" \/><\/a>\n                    <figcaption><a href=\"?books=sophies-melodie\">Sophies Melodie<\/a><\/figcaption>\n                <\/figure>\n            <\/div>\n\n\n\n<div class=\"wp-block-column is-layout-flow wp-block-column-is-layout-flow\">\n                <figure class=\"wp-block-image\"><a href=\"\/?books=bernsteinsommer\"><img loading=\"lazy\" decoding=\"async\" width=\"684\" height=\"1024\"\n                            src=\"https:\/\/susannerubin.de\/wp-content\/uploads\/2019\/02\/Bernsteinsommer-Buchcover_PER-684x1024.png\"\n                            alt=\"\" class=\"wp-image-194\" srcset=\"https:\/\/susannerubin.de\/wp-content\/uploads\/2019\/02\/Bernsteinsommer-Buchcover_PER-684x1024.png 684w, https:\/\/susannerubin.de\/wp-content\/uploads\/2019\/02\/Bernsteinsommer-Buchcover_PER-200x300.png 200w, https:\/\/susannerubin.de\/wp-content\/uploads\/2019\/02\/Bernsteinsommer-Buchcover_PER-768x1150.png 768w, https:\/\/susannerubin.de\/wp-content\/uploads\/2019\/02\/Bernsteinsommer-Buchcover_PER.png 1596w\" sizes=\"auto, (max-width: 684px) 100vw, 684px\" \/><\/a>\n                    <figcaption><a href=\"?books=bernsteinsommer\">Bernsteinsommer<\/a><\/figcaption>\n                <\/figure>\n            <\/div>\n<\/div>\n<\/div>\n<\/div>\n","protected":false},"excerpt":{"rendered":"<p>Alsterglanz Hamburg 1929. Lotte kann ihr Gl\u00fcck kaum fassen: Gerade frisch in der brodelnden Metropole angekommen, bekommt sie die Chance, als Schneiderin im luxuri\u00f6sen Warenhaus Hermann Tietz zu arbeiten. Das direkt an der malerischen Binnenalster gelegene Kaufhaus verspricht ein ganz neues Lebensgef\u00fchl: Mit Waren aus aller Welt, handverlesen und \u00fcber verschlungene Handelswege importiert, h\u00e4lt die [&hellip;]<\/p>\n","protected":false},"author":2,"featured_media":0,"parent":0,"menu_order":0,"comment_status":"closed","ping_status":"closed","template":"","meta":{"_genesis_hide_title":false,"_genesis_hide_breadcrumbs":false,"_genesis_hide_singular_image":false,"_genesis_hide_footer_widgets":false,"_genesis_custom_body_class":"","_genesis_custom_post_class":"","_genesis_layout":"","footnotes":""},"class_list":{"0":"post-84","1":"page","2":"type-page","3":"status-publish","5":"entry"},"_links":{"self":[{"href":"https:\/\/susannerubin.de\/index.php?rest_route=\/wp\/v2\/pages\/84","targetHints":{"allow":["GET"]}}],"collection":[{"href":"https:\/\/susannerubin.de\/index.php?rest_route=\/wp\/v2\/pages"}],"about":[{"href":"https:\/\/susannerubin.de\/index.php?rest_route=\/wp\/v2\/types\/page"}],"author":[{"embeddable":true,"href":"https:\/\/susannerubin.de\/index.php?rest_route=\/wp\/v2\/users\/2"}],"replies":[{"embeddable":true,"href":"https:\/\/susannerubin.de\/index.php?rest_route=%2Fwp%2Fv2%2Fcomments&post=84"}],"version-history":[{"count":114,"href":"https:\/\/susannerubin.de\/index.php?rest_route=\/wp\/v2\/pages\/84\/revisions"}],"predecessor-version":[{"id":1002,"href":"https:\/\/susannerubin.de\/index.php?rest_route=\/wp\/v2\/pages\/84\/revisions\/1002"}],"wp:attachment":[{"href":"https:\/\/susannerubin.de\/index.php?rest_route=%2Fwp%2Fv2%2Fmedia&parent=84"}],"curies":[{"name":"wp","href":"https:\/\/api.w.org\/{rel}","templated":true}]}}