{"id":143,"date":"2019-02-19T21:11:11","date_gmt":"2019-02-19T20:11:11","guid":{"rendered":"https:\/\/susannerubin.de\/?page_id=143"},"modified":"2023-11-11T17:00:27","modified_gmt":"2023-11-11T16:00:27","slug":"ebooks","status":"publish","type":"page","link":"https:\/\/susannerubin.de\/?page_id=143","title":{"rendered":"eBooks"},"content":{"rendered":"\n<div class=\"wp-block-columns has-2-columns is-layout-flex wp-container-core-columns-is-layout-9d6595d7 wp-block-columns-is-layout-flex\">\n<div class=\"wp-block-column is-layout-flow wp-block-column-is-layout-flow\">\n<div style=\"height:50px\" aria-hidden=\"true\" class=\"wp-block-spacer\"><\/div>\n\n\n\n<h4 class=\"wp-block-heading\"><a href=\"?books=alsterflimmern-3\">Alsterflimmern<\/a><\/h4>\n\n\n\n<p>Hamburg 1951.<br><br>\n            Luise Vossen ist in London aufgewachsen und hat sich ihr ganzes Leben danach gesehnt, die Stadt kennenzulernen, in der ihre Eltern sich vor dem Zweiten Weltkrieg zum ersten Mal trafen und in der sie selbst das Licht der Welt erblickte. Sie ist beeindruckt vom alten Glanz der Metropole, der zwischen den Tr\u00fcmmern hindurchschimmert. Und noch etwas fasziniert Luise: der charmante Anwalt Jens Thomsen.\n        <\/p>\n\n\n\n<p>Die Familiengeschichten der beiden sind eng mit dem Warenhaus Tietz verbunden. Die Tietzens verloren ihr Unternehmen w\u00e4hrend des Nationalsozialismus \u2013 f\u00fcr Luise ganz klar eine gro\u00dfe Ungerechtigkeit. Selbstverst\u00e4ndlich h\u00e4tte der Familie ihr Eigentum zur\u00fcckgegeben werden m\u00fcssen, davon ist sie \u00fcberzeugt. Doch Jens scheint auf der falschen Seite der Geschichte zu stehen. Muss Luise zwischen Moral und Liebe w\u00e4hlen?\n        <\/p>\n\n\n\n<p><a href=\"?books=alsterflimmern-3\" class=\"button\">Zum Buch<\/a><\/p>\n<\/div>\n\n\n\n<div class=\"wp-block-column is-layout-flow wp-block-column-is-layout-flow\">\n<figure class=\"wp-block-image\"><a href=\"?books=alsterflimmern-3\"><img decoding=\"async\" src=\"https:\/\/susannerubin.de\/wp-content\/uploads\/2023\/10\/Alsterflimmern-Buchcover_eBook_PER.png\" alt=\"\" class=\"wp-image-711\"\/><\/a><\/figure>\n<\/div>\n<\/div>\n\n\n\n<p><br><\/p>\n\n\n\n<div class=\"wp-block-columns has-2-columns is-layout-flex wp-container-core-columns-is-layout-9d6595d7 wp-block-columns-is-layout-flex\">\n<div class=\"wp-block-column is-layout-flow wp-block-column-is-layout-flow\">\n<div style=\"height:50px\" aria-hidden=\"true\" class=\"wp-block-spacer\"><\/div>\n\n\n\n<h4 class=\"wp-block-heading\"><a href=\"?books=alsterglanz-3\">Alsterglanz<\/a><\/h4>\n\n\n\n<p>Hamburg 1929.<br><br>Lotte kann ihr Gl\u00fcck kaum fassen: Gerade frisch in der brodelnden Metropole angekommen, bekommt sie die Chance, als Schneiderin im luxuri\u00f6sen Warenhaus Hermann Tietz zu arbeiten. Das direkt an der malerischen Binnenalster gelegene Kaufhaus verspricht ein ganz neues Lebensgef\u00fchl: Mit Waren aus aller Welt, handverlesen und \u00fcber verschlungene Handelswege importiert, h\u00e4lt die moderne Zeit Einzug in die Hansestadt.\n        <\/p>\n\n\n\n<p>Davon befl\u00fcgelt, sch\u00f6pft Lotte Hoffnung auf einen Neuanfang als unabh\u00e4ngige junge Frau. Als sie im Warenhaus den Kaufmann Jannes kennenlernt, f\u00fchlen sich die beiden gleich voneinander angezogen. Doch Lotte h\u00fctet ein Geheimnis, das es ihr unm\u00f6glich macht, sich ganz Jannes und einer gemeinsamen Zukunft zu widmen. Ein dunkles Geheimnis, das sie schneller einholt, als ihr lieb ist&#8230;\n        <\/p>\n\n\n\n<p><a href=\"?books=alsterglanz-3\" class=\"button\">Zum Buch<\/a><\/p>\n<\/div>\n\n\n\n<div class=\"wp-block-column is-layout-flow wp-block-column-is-layout-flow\">\n<figure class=\"wp-block-image\"><a href=\"?books=alsterglanz-3\"><img decoding=\"async\" src=\"https:\/\/susannerubin.de\/wp-content\/uploads\/2023\/10\/Alsterglanz-Buchcover_eBook_PER.png\" alt=\"\" class=\"wp-image-711\"\/><\/a><\/figure>\n<\/div>\n<\/div>\n\n\n\n<p><br><\/p>\n\n\n\n<div class=\"wp-block-columns has-2-columns is-layout-flex wp-container-core-columns-is-layout-9d6595d7 wp-block-columns-is-layout-flex\">\n<div class=\"wp-block-column is-layout-flow wp-block-column-is-layout-flow\">\n<div style=\"height:50px\" aria-hidden=\"true\" class=\"wp-block-spacer\"><\/div>\n\n\n\n<h4 class=\"wp-block-heading\"><a href=\"?books=das-grandhotel-an-der-alster\">Das Grandhotel an der Alster<\/a><\/h4>\n\n\n\n<p>\u00dcberarbeitete Neuauflage<br><\/p>\n\n\n\n<p>Hamburg, 2019: Als der Besitzer des Hotel Jacoby stirbt, ist die \u00dcberraschung gro\u00df: Das Hotel geht nicht an\n            seine Kinder, sondern an Ryan Maclane aus Schottland. Emily Magnussen regelt die \u00dcbergabe \u2013 sie ist sofort\n            fasziniert von Ryan, der ebenfalls nicht wei\u00df, warum er das prestigereiche Hotel erbt. Gemeinsam gehen sie\n            dem Geheimnis auf den Grund.\n        <\/p>\n\n\n\n<p>Sechzig Jahre zuvor: Nach dem Tod ihres Mannes hat Lina Jacoby das Hotel ihrer Eltern allen Zweiflern zum\n            Trotz durch die Kriegsjahre gebracht und will ihm nun zu neuem Glanz verhelfen. Dass sie sich in ihren\n            Chefkoch Martin verliebt, macht es nicht leichter. Da taucht eine Hebamme auf, die Lina eine unfassbare\n            Geschichte erz\u00e4hlt, die alles, was sie \u00fcber ihre Familie zu wissen glaubte, ins Wanken bringt&#8230;\n        <\/p>\n\n\n\n<p><a href=\"?books=das-grandhotel-an-der-alster\" class=\"button\">Zum Buch<\/a><\/p>\n<\/div>\n\n\n\n<div class=\"wp-block-column is-layout-flow wp-block-column-is-layout-flow\">\n<figure class=\"wp-block-image\"><a href=\"?books=das-grandhotel-an-der-alster\"><img decoding=\"async\" src=\"https:\/\/susannerubin.de\/wp-content\/uploads\/2021\/04\/Das-Grand-Hotel-an-der-Alster-Buchcover_eBook_PER.png\" alt=\"\" class=\"wp-image-711\"\/><\/a><\/figure>\n<\/div>\n<\/div>\n\n\n\n<p><br><\/p>\n\n\n\n<div class=\"wp-block-columns has-2-columns is-layout-flex wp-container-core-columns-is-layout-9d6595d7 wp-block-columns-is-layout-flex\">\n<div class=\"wp-block-column is-layout-flow wp-block-column-is-layout-flow\">\n<div style=\"height:50px\" aria-hidden=\"true\" class=\"wp-block-spacer\"><\/div>\n\n\n\n<h4 class=\"wp-block-heading\"><a href=\"?books=die-erben-von-gut-lerchengrund\">Die Erben von Gut Lerchengrund<\/a><\/h4>\n\n\n\n<p>\u00dcberarbeitete Neuauflage<br><\/p>\n\n\n\n<p>Das bewegende Schicksal zweier Familien und ein Geheimnis, das beide f\u00fcr immer verbindet<\/p>\n\n\n\n<p>Norddeutschland, 1898: Heinrich von Grootenlohe lebt gl\u00fccklich mit seiner jungen Frau auf Gut Lerchengrund.\n            Doch als er zuf\u00e4llig ein Geheimnis seines Nachbarn Wilhelm Brodersen entdeckt, trifft er eine folgenschwere\n            Entscheidung, die das Leben beider Familien f\u00fcr immer ver\u00e4ndert.\n        <\/p>\n\n\n\n<p>1921: Der Krieg ist vorbei und Heinrichs Sohn Jonas erbt Gut Lerchengrund. Er verliebt sich unsterblich in\n            Wilhelms Tochter Elise, mit der er die Leidenschaft f\u00fcr Pferde teilt. Aber das Geheimnis der V\u00e4ter und die\n            Familienfehde scheinen ihre Liebe f\u00fcr immer zu zerst\u00f6ren.\n        <\/p>\n\n\n\n<p>1952: Jonas Tochter Sinje \u00fcbernimmt die Leitung des Gutshofes. Als die Pferde erkranken, sucht sie Hilfe bei\n            Tierarzt und Nachbarssohn Tim Brodersen. Sinje und Tim f\u00fchlen sich zueinander hingezogen und das Gl\u00fcck\n            scheint diesmal zum Greifen nahe. Doch wieder versucht jemand mit aller Macht, eine Verbindung zwischen den\n            beiden Familien zu verhindern.\n        <\/p>\n\n\n\n<p><a href=\"?books=die-erben-von-gut-lerchengrund\" class=\"button\">Zum Buch<\/a><\/p>\n<\/div>\n\n\n\n<div class=\"wp-block-column is-layout-flow wp-block-column-is-layout-flow\">\n<figure class=\"wp-block-image\"><a href=\"?books=die-erben-von-gut-lerchengrund\"><img decoding=\"async\" src=\"https:\/\/susannerubin.de\/wp-content\/uploads\/2020\/08\/Die-Erben-von-Gut-Lerchengrund-eBook_PER.png\" alt=\"\" class=\"wp-image-711\"\/><\/a><\/figure>\n<\/div>\n<\/div>\n\n\n\n<p><br><\/p>\n\n\n\n<div class=\"wp-block-columns has-2-columns is-layout-flex wp-container-core-columns-is-layout-9d6595d7 wp-block-columns-is-layout-flex\">\n<div class=\"wp-block-column is-layout-flow wp-block-column-is-layout-flow\">\n<div style=\"height:50px\" aria-hidden=\"true\" class=\"wp-block-spacer\"><\/div>\n\n\n\n<h4 class=\"wp-block-heading\"><a href=\"?books=die-frau-des-kaffeehaendlers\">Die Frau des Kaffeeh\u00e4ndlers<\/a><\/h4>\n\n\n\n<p>\u00dcberarbeitete Neuauflage<br><\/p>\n\n\n\n<p>Das Erbe einer Familiendynastie. Das Schicksal dreier Generationen. Eine ergreifende Liebesgeschichte.<\/p>\n\n\n\n<p>Hamburg, 1896: Um vom Bankier Ferdinand Claasen einen Kredit zu erhalten, willigt der ehrgeizige Kaufmann\n            Paul Friedrich Magnussen ein, dessen \u00e4lteste Tochter Amalia zu heiraten. Amalia ist eine kluge Frau und mit\n            ihrer Hilfe gelingt es Paul, seinen Kaffeehandel zu einem florierenden Unternehmen auszubauen. Doch Amalia\n            ahnt nicht, dass er sich eigentlich von Anfang an zu ihrer sch\u00f6nen Schwester Helene hingezogen f\u00fchlte&#8230;\n        <\/p>\n\n\n\n<p>\u00dcber ein Jahrhundert sp\u00e4ter entdeckt Melina Peters in der Hinterlassenschaft ihrer Gro\u00dfmutter Hinweise auf\n            eine Verbindung zu der Kaffeeh\u00e4ndler-Dynastie. Sie bewirbt sich bei P.F. Magnussen und wird die Assistentin\n            des faszinierenden Leonard Magnussen. Von da an taucht sie immer tiefer in die privaten Schicksale ein, die\n            hinter der offiziellen Familiengeschichte im Verborgenen liegen. Sie ahnt nicht, wie sehr diese mit ihrem\n            eigenen Leben verkn\u00fcpft sind&#8230;\n        <\/p>\n\n\n\n<p><a href=\"?books=die-frau-des-kaffeehaendlers\" class=\"button\">Zum Buch<\/a><\/p>\n<\/div>\n\n\n\n<div class=\"wp-block-column is-layout-flow wp-block-column-is-layout-flow\">\n<figure class=\"wp-block-image\"><a href=\"?books=die-frau-des-kaffeehaendlers\"><img decoding=\"async\" src=\"https:\/\/susannerubin.de\/wp-content\/uploads\/2020\/08\/Die-Frau-des-Kaffeehaendlers-eBook_PER.png\" alt=\"\" class=\"wp-image-711\"\/><\/a><\/figure>\n<\/div>\n<\/div>\n\n\n\n<p><br><\/p>\n\n\n\n<div class=\"wp-block-columns has-2-columns is-layout-flex wp-container-core-columns-is-layout-9d6595d7 wp-block-columns-is-layout-flex\">\n<div class=\"wp-block-column is-layout-flow wp-block-column-is-layout-flow\">\n<div style=\"height:50px\" aria-hidden=\"true\" class=\"wp-block-spacer\"><\/div>\n\n\n\n<h4 class=\"wp-block-heading\"><a href=\"?books=heidewinter-lunau-3\">Heidewinter | Lunau 3<\/a><\/h4>\n\n\n\n<p>\u00dcberarbeitete Neuauflage<br><\/p>\n\n\n\n<p>Eine Liebe, die den Winter in Sinas Herzen vertreibt &#8211; der neue Lunau-Roman von Susanne Schomann!<\/p>\n\n\n\n<p>\n            Dekadenz, Arroganz und Kaltherzigkeit &#8211; das f\u00e4llt Sina ein, wenn sie an die Adelswelt denkt, in der Philip\n            von Hoven lebt. Sicher ist er als Drehbuchautor lange im Ausland gewesen, aber ein Schn\u00f6sel bleibt ein\n            Schn\u00f6sel. Auch\n            wenn er noch so sch\u00f6ne braune Augen hat und sie bei seinem Anblick Herzklopfen bekommt. Sina ist nur nach\n            Lunau gekommen, um nach einer schweren Zeit die Weite der winterlichen Heide zu genie\u00dfen. Hei\u00dfe K\u00fcsse auf\n            schneeverhangenen Reitpfaden passen jetzt gar nicht \u2026 Das glaubt sie jedenfalls, bis Philip ihr die\n            Heidelbeerspuren von den Lippen k\u00fcsst und das Eis um ihr Herz zum Schmelzen bringt. Hoffnungsvoll k\u00f6nnte\n            Sina in die Zukunft\n            blicken &#8211; doch das zarte Pfl\u00e4nzchen ihres Gl\u00fccks wird bedroht, und pl\u00f6tzlich ist nichts mehr, wie es war.\n        <\/p>\n\n\n\n<p><br><\/p>\n\n\n\n<p><a href=\"?books=heidewinter-lunau-3\" class=\"button\">Zum Buch<\/a><\/p>\n<\/div>\n\n\n\n<div class=\"wp-block-column is-layout-flow wp-block-column-is-layout-flow\">\n<figure class=\"wp-block-image\"><a href=\"?books=heidewinter-lunau-3\"><img loading=\"lazy\" decoding=\"async\" width=\"684\" height=\"1024\" src=\"https:\/\/susannerubin.de\/wp-content\/uploads\/2019\/08\/Heidewinter-Buchcover_eBook_PER-684x1024.png\" alt=\"\" class=\"wp-image-711\" srcset=\"https:\/\/susannerubin.de\/wp-content\/uploads\/2019\/08\/Heidewinter-Buchcover_eBook_PER-684x1024.png 684w, https:\/\/susannerubin.de\/wp-content\/uploads\/2019\/08\/Heidewinter-Buchcover_eBook_PER-200x300.png 200w, https:\/\/susannerubin.de\/wp-content\/uploads\/2019\/08\/Heidewinter-Buchcover_eBook_PER-768x1150.png 768w, https:\/\/susannerubin.de\/wp-content\/uploads\/2019\/08\/Heidewinter-Buchcover_eBook_PER.png 1596w\" sizes=\"auto, (max-width: 684px) 100vw, 684px\" \/><\/a><\/figure>\n<\/div>\n<\/div>\n\n\n\n<p><br><\/p>\n\n\n\n<div class=\"wp-block-columns has-2-columns is-layout-flex wp-container-core-columns-is-layout-9d6595d7 wp-block-columns-is-layout-flex\">\n<div class=\"wp-block-column is-layout-flow wp-block-column-is-layout-flow\">\n<div style=\"height:50px\" aria-hidden=\"true\" class=\"wp-block-spacer\"><\/div>\n\n\n\n<h4 class=\"wp-block-heading\"><a href=\"?books=der-holundergarten-lunau-2\">Der Holundergarten | Lunau 2<\/a><\/h4>\n\n\n\n<p>\u00dcberarbeitete Neuauflage<br><\/p>\n\n\n\n<p>Ein Mann mit einer dunklen Vergangenheit, ein Dorf voller Geheimnisse \u2013 eine neue gro\u00dfartige Lovestory von\n            Susanne Schomann!<\/p>\n\n\n\n<p>\n            Niemals h\u00e4tte Luisa damit gerechnet, dass Rafael Brix noch einmal in sein Heimatdorf in der L\u00fcneburger Heide\n            kommen w\u00fcrde. Zu schrecklich sind die Vorw\u00fcrfe, die bis heute auf ihm lasten. Doch ein Todesfall hat ihn\n            zur\u00fcck nach\n            Lunau gef\u00fchrt, zur\u00fcck in Luisas Leben. Noch immer umgibt ihn eine dunkle, rebellische Aura. Und genau das\n            l\u00e4sst Luisas Herz wie damals schneller schlagen. Dabei wei\u00df sie genau, dass sie ihn nicht begehren darf.\n            Denn Rafael will\n            ihr alles nehmen: ihr geliebtes Zuhause und ihre Arbeit. Luisa f\u00fchlt sich hin- und hergerissen zwischen\n            Verzweiflung, Wut&#8230; und einer noch immer brennenden Leidenschaft.\n        <\/p>\n\n\n\n<p><br><\/p>\n\n\n\n<p><a href=\"?books=der-holundergarten-lunau-2\" class=\"button\">Zum Buch<\/a><\/p>\n<\/div>\n\n\n\n<div class=\"wp-block-column is-layout-flow wp-block-column-is-layout-flow\">\n<figure class=\"wp-block-image\"><a href=\"?books=der-holundergarten-lunau-2\"><img loading=\"lazy\" decoding=\"async\" width=\"684\" height=\"1024\" src=\"https:\/\/susannerubin.de\/wp-content\/uploads\/2019\/08\/Der-Holundergarten-Buchcover_eBook_PER-684x1024.png\" alt=\"\" class=\"wp-image-710\" srcset=\"https:\/\/susannerubin.de\/wp-content\/uploads\/2019\/08\/Der-Holundergarten-Buchcover_eBook_PER-684x1024.png 684w, https:\/\/susannerubin.de\/wp-content\/uploads\/2019\/08\/Der-Holundergarten-Buchcover_eBook_PER-200x300.png 200w, https:\/\/susannerubin.de\/wp-content\/uploads\/2019\/08\/Der-Holundergarten-Buchcover_eBook_PER-768x1150.png 768w, https:\/\/susannerubin.de\/wp-content\/uploads\/2019\/08\/Der-Holundergarten-Buchcover_eBook_PER.png 1596w\" sizes=\"auto, (max-width: 684px) 100vw, 684px\" \/><\/a><\/figure>\n<\/div>\n<\/div>\n\n\n\n<p><br><\/p>\n\n\n\n<div class=\"wp-block-columns has-2-columns is-layout-flex wp-container-core-columns-is-layout-9d6595d7 wp-block-columns-is-layout-flex\">\n<div class=\"wp-block-column is-layout-flow wp-block-column-is-layout-flow\">\n<div style=\"height:50px\" aria-hidden=\"true\" class=\"wp-block-spacer\"><\/div>\n\n\n\n<h4 class=\"wp-block-heading\"><a href=\"?books=wilder-wacholder-lunau-1\">Wilder Wacholder | Lunau 1<\/a><\/h4>\n\n\n\n<p>\u00dcberarbeitete Neuauflage<br><\/p>\n\n\n\n<p>Einen neuen Anfang will Isabell in der L\u00fcneburger Heide wagen und ihre schmerzliche Vergangenheit in Cornwall\n            vergessen. Doch das ist unm\u00f6glich \u2013 eine neue spannende Lovestory von Susanne Schomann!<\/p>\n\n\n\n<p>\n            Die gr\u00fcnen H\u00fcgel von Cornwall hat Isabell Valentine gegen die bl\u00fchende Heide von Lunau eingetauscht: Nach\n            dem Unfalltod ihres Mannes wagt sie in der L\u00fcneburger Heide einen Neuanfang: Beruflich mit ihren Modetorten,\n            privat ist da\n            Dr. Kjell Loewenthal. Aber der Landarzt von Lunau ist ein Mann, der sich auf keine feste Beziehung einlassen\n            will, auch wenn seine Blicke in kostbaren Momenten etwas zu versprechen scheinen, an das Isabell nach all\n            den Tr\u00e4nen\n            nicht mehr glauben konnte. Es duftet nach wildem Wacholder, als Kjell sie zum ersten Mal k\u00fcsst. Und er ist\n            f\u00fcr sie da, als die Vergangenheit sie einholt \u2013 und ihr Gl\u00fcck unter dem weiten Heidehimmel in Gefahr ger\u00e4t.\n        <\/p>\n\n\n\n<p><br><\/p>\n\n\n\n<p><a class=\"button\" href=\"?books=wilder-wacholder-lunau-1\">Zum Buch<\/a><\/p>\n<\/div>\n\n\n\n<div class=\"wp-block-column is-layout-flow wp-block-column-is-layout-flow\">\n<figure class=\"wp-block-image\"><a href=\"?books=wilder-wacholder-lunau-1\"><img loading=\"lazy\" decoding=\"async\" width=\"684\" height=\"1024\" src=\"https:\/\/susannerubin.de\/wp-content\/uploads\/2019\/04\/Wilder-Wacholder-Buchcover_eBook_PER-684x1024.png\" alt=\"\" class=\"wp-image-598\" srcset=\"https:\/\/susannerubin.de\/wp-content\/uploads\/2019\/04\/Wilder-Wacholder-Buchcover_eBook_PER-684x1024.png 684w, https:\/\/susannerubin.de\/wp-content\/uploads\/2019\/04\/Wilder-Wacholder-Buchcover_eBook_PER-200x300.png 200w, https:\/\/susannerubin.de\/wp-content\/uploads\/2019\/04\/Wilder-Wacholder-Buchcover_eBook_PER-768x1150.png 768w, https:\/\/susannerubin.de\/wp-content\/uploads\/2019\/04\/Wilder-Wacholder-Buchcover_eBook_PER.png 1596w\" sizes=\"auto, (max-width: 684px) 100vw, 684px\" \/><\/a><\/figure>\n<\/div>\n<\/div>\n","protected":false},"excerpt":{"rendered":"<p>Alsterflimmern Hamburg 1951. Luise Vossen ist in London aufgewachsen und hat sich ihr ganzes Leben danach gesehnt, die Stadt kennenzulernen, in der ihre Eltern sich vor dem Zweiten Weltkrieg zum ersten Mal trafen und in der sie selbst das Licht der Welt erblickte. Sie ist beeindruckt vom alten Glanz der Metropole, der zwischen den Tr\u00fcmmern [&hellip;]<\/p>\n","protected":false},"author":2,"featured_media":355,"parent":0,"menu_order":0,"comment_status":"closed","ping_status":"closed","template":"","meta":{"_genesis_hide_title":false,"_genesis_hide_breadcrumbs":false,"_genesis_hide_singular_image":false,"_genesis_hide_footer_widgets":false,"_genesis_custom_body_class":"","_genesis_custom_post_class":"","_genesis_layout":"","footnotes":""},"class_list":{"0":"post-143","1":"page","2":"type-page","3":"status-publish","4":"has-post-thumbnail","6":"entry"},"_links":{"self":[{"href":"https:\/\/susannerubin.de\/index.php?rest_route=\/wp\/v2\/pages\/143","targetHints":{"allow":["GET"]}}],"collection":[{"href":"https:\/\/susannerubin.de\/index.php?rest_route=\/wp\/v2\/pages"}],"about":[{"href":"https:\/\/susannerubin.de\/index.php?rest_route=\/wp\/v2\/types\/page"}],"author":[{"embeddable":true,"href":"https:\/\/susannerubin.de\/index.php?rest_route=\/wp\/v2\/users\/2"}],"replies":[{"embeddable":true,"href":"https:\/\/susannerubin.de\/index.php?rest_route=%2Fwp%2Fv2%2Fcomments&post=143"}],"version-history":[{"count":22,"href":"https:\/\/susannerubin.de\/index.php?rest_route=\/wp\/v2\/pages\/143\/revisions"}],"predecessor-version":[{"id":1004,"href":"https:\/\/susannerubin.de\/index.php?rest_route=\/wp\/v2\/pages\/143\/revisions\/1004"}],"wp:featuredmedia":[{"embeddable":true,"href":"https:\/\/susannerubin.de\/index.php?rest_route=\/wp\/v2\/media\/355"}],"wp:attachment":[{"href":"https:\/\/susannerubin.de\/index.php?rest_route=%2Fwp%2Fv2%2Fmedia&parent=143"}],"curies":[{"name":"wp","href":"https:\/\/api.w.org\/{rel}","templated":true}]}}