{"id":139,"date":"2019-02-19T20:59:21","date_gmt":"2019-02-19T19:59:21","guid":{"rendered":"https:\/\/susannerubin.de\/?page_id=139"},"modified":"2019-04-20T15:05:44","modified_gmt":"2019-04-20T14:05:44","slug":"die-frau-des-kaffeehaendlers","status":"publish","type":"page","link":"https:\/\/susannerubin.de\/?page_id=139","title":{"rendered":"Die Frau des Kaffeeh\u00e4ndlers"},"content":{"rendered":"<div class=\"lp-wrapper full-width\">\n<div class=\"header full-width\">\n<div class=\"header-text cantata centered\">\n<p>&#8222;Ich wei\u00df sehr genau, dass man<br \/>\nsich als ambitionierte <span class=\"font-bigger\">Frau<\/span><br \/>\nden <span class=\"font-bigger\">Zugang<\/span> zu<br \/>\ngewissen Bereichen<br \/>\nhart<br \/>\n<span class=\"font-bigger\">erk\u00e4mpfen<\/span> muss.&#8220;<\/p>\n<p class=\"source\">(Amalia an eine Freundin,<br \/>\n-Zitat aus: &#8222;Die Frau des Kaffeeh\u00e4ndlers&#8220;.)<\/p>\n<\/div>\n<div class=\"header-book-text cantata\">\n<p>Das Erbe einer <span class=\"font-bigger\">Familiendynastie<\/span>.<br \/>\nDas <span class=\"font-bigger\">Schicksal<\/span> dreier Generationen.<br \/>\nEine ergreifende <span class=\"font-bigger\">Liebesgeschichte<\/span>.<\/p>\n<\/div>\n<\/div>\n<div class=\"satzContent\">\n<div class=\"content-text full-width\">\n<h4 class=\"centered\">Der Roman<\/h4>\n<div class=\"content-text textbox1\">\n<div class=\"contentTeas cantata\">Hamburg, 1896,<\/div>\n<p>Um vom Bankier Ferdinand Claasen einen Kredit zu erhalten, willigt der ehrgeizige Kaufmann Paul Friedrich  Magnussen ein, dessen \u00e4lteste Tochter Amalia zu heiraten. Amalia ist eine kluge Frau, doch sie ahnt nicht, dass er sich eigentlich von Anfang an zu ihrer sch\u00f6nen Schwester Helene hingezogen f\u00fchlte&#8230;<\/p>\n<\/div>\n<div class=\"content-text textbox2\">\n<div class=\"contentTeas cantata\">\u00dcber ein Jahrhundert sp\u00e4ter<\/div>\n<p>entdeckt Melina Peters in der Hinterlassenschaft ihrer Gro\u00dfmutter Hinweise auf eine Verbindung zu der Kaffeeh\u00e4ndler-Dynastie. Sie bewirbt sich bei P.F. Magnussen und wird die Assistentin des faszinierenden Leonard Magnussen. Von da an taucht sie immer tiefer in die privaten Schicksale ein, die hinter der offiziellen Familiengeschichte im Verborgenen liegen. Sie ahnt nicht, wie sehr diese mit ihrem eigenen Leben verkn\u00fcpft sind&#8230;<\/p>\n<\/div>\n<\/div>\n<div class=\"cluster-image-text full-width\">\n<div class=\"cluster-element\">\n                    <img decoding=\"async\" src=\"https:\/\/susannerubin.de\/wp-content\/uploads\/2019\/04\/polaroid1.png\"><\/div>\n<div class=\"cluster-element\">\n<p>&#8222;[&#8230;] es ist unterdessen kaum noch ein<br \/>\n<span class=\"font-bigger\">Geheimnis<\/span>, dass mein Kaffee um<br \/>\nKlassen <span class=\"font-bigger\">besser<\/span> ist als der von &#8230;&#8220;<\/p>\n<p class=\"source\">(Paul Magnussen an seinen Freund Georg von Meyerhoff.<br \/>\n\u2013Zitat aus: &#8222;Die Frau des Kaffeeh\u00e4ndlers&#8220;.)<\/p>\n<\/div>\n<\/div>\n<div class=\"cluster-image-text full-width\">\n<div class=\"cluster-element\">\n<p>&#8222;Es war faszinierend, dabei zuzusehen,<br \/>\nwie die <span class=\"font-bigger\">Kaffeebohnen<\/span> in der<br \/>\nMaschine fast schon <span class=\"font-bigger\">behutsam<\/span><br \/>\nhin und her bewegt wurden.&#8220;<\/p>\n<p class=\"source\">(Zitat aus: &#8222;Die Frau des Kaffeeh\u00e4ndlers&#8220;.)<\/p>\n<\/div>\n<div class=\"cluster-element\">\n                    <img decoding=\"async\" src=\"https:\/\/susannerubin.de\/wp-content\/uploads\/2019\/04\/polaroid2.png\"><\/div>\n<\/div>\n<div class=\"cluster-image-text full-width\">\n<div class=\"cluster-element\">\n                    <img decoding=\"async\" src=\"https:\/\/susannerubin.de\/wp-content\/uploads\/2019\/04\/polaroid3.png\"><\/div>\n<div class=\"cluster-element\">\n<p>&#8222;Die <span class=\"font-bigger\">Recherche<\/span> zu diesem Roman hat mir so unendlich<br \/>\nviel Freude bereitet. Als <span class=\"font-bigger\">leidenschaftliche<\/span><br \/>\nKaffeetrinkerin, war z.B. der Besuch im Kaffeemuseum<br \/>\nin der <span class=\"font-bigger\">Hamburger Speicherstadt<\/span><br \/>\nein wundervolles Erlebnis, das man mit<br \/>\nallen <span class=\"font-bigger\">Sinnen<\/span> genie\u00dfen konnte.&#8220;<\/p>\n<p class=\"source\">(Susanne Rubin)<\/p>\n<\/div>\n<\/div>\n<div class=\"full-width teaserHeadline\">\n<h4 class=\"centered\">\u00dcbrigens&#8230;<\/h4>\n<\/div>\n<div class=\"content-text full-width\">\n<p>Die Hamburger Speicherstadt wurde im Jahre 1888 von Kaiser Wilhelm II. eingeweiht. Mit ihr begann f\u00fcr Hamburg eine der wichtigsten Entwicklungen der Stadtgeschichte als Handelsmetropole.<\/p>\n<p>Kaffee, Tee und Kakao geh\u00f6rten schon damals zu den wichtigsten Handelsg\u00fctern. Die direkte N\u00e4he der Speicherstadt zum Hafen spielte eine entscheidende Rolle.<\/p>\n<p>Das Fundament des Hamburger Rathauses wurde aus Bornholmer Granit gegossen. Wegen des sumpfigen Untergrunds, ruht es auf rund 4000 Eichenpf\u00e4hlen. Im Jahre 1897 wurde das beeindruckende Geb\u00e4ude 11 Jahre nach der Grundsteinlegung fertiggestellt und mit einem gro\u00dfen Volksfest eingeweiht. Die Planungszeit dauerte noch sehr viel l\u00e4nger.<\/p>\n<p>In den letzten Jahren des 19. Jahrhunderts, besonders nach der Fertigstellung des Rathauses, begann sich Hamburg nachhaltig zu ver\u00e4ndern. Der ber\u00fchmte rote Backstein setzte sich immer mehr durch. In dieser Zeit entstanden viele neue Stadtteile.<\/p>\n<p>Die Kontorh\u00e4user zwischen Hafen und Alster wurden nach und nach errichtet. Hier residierten vor allem die gr\u00f6\u00dferen Handelsfirmen, Reedereien, Schiffsausr\u00fcster und Architekten der Hansestadt, w\u00e4hrend sich die Banken vorwiegend rund um Binnen- und Au\u00dfenalster befanden.<\/p>\n<\/div>\n<div class=\"footer-book-bg\">\n<div class=\"full-width centered\">\n<figure class=\"wp-block-image\"><a href=\"?books=die-frau-des-kaffeehaendlers\"><img loading=\"lazy\" decoding=\"async\" width=\"684\" height=\"1024\" class=\"wp-image-193\" src=\"https:\/\/susannerubin.de\/wp-content\/uploads\/2019\/02\/Die-Frau-des-Kaffeehaendlers-Buchcover_PER-684x1024.png\" alt=\"\" srcset=\"https:\/\/susannerubin.de\/wp-content\/uploads\/2019\/02\/Die-Frau-des-Kaffeehaendlers-Buchcover_PER-684x1024.png 684w, https:\/\/susannerubin.de\/wp-content\/uploads\/2019\/02\/Die-Frau-des-Kaffeehaendlers-Buchcover_PER-200x300.png 200w, https:\/\/susannerubin.de\/wp-content\/uploads\/2019\/02\/Die-Frau-des-Kaffeehaendlers-Buchcover_PER-768x1150.png 768w, https:\/\/susannerubin.de\/wp-content\/uploads\/2019\/02\/Die-Frau-des-Kaffeehaendlers-Buchcover_PER.png 1596w\" sizes=\"auto, (max-width: 684px) 100vw, 684px\" \/><\/a><\/figure>\n<p><a class=\"button\" href=\"?books=die-frau-des-kaffeehaendlers\">Zum Buch<\/a><\/p>\n<\/div>\n<div class=\"full-width centered\">\n<p><a href=\"\/\" class=\"backTiny\">Zur\u00fcck<\/a><\/p>\n<\/div>\n<\/div>\n<\/div>\n<\/div>\n","protected":false},"excerpt":{"rendered":"<p>&#8222;Ich wei\u00df sehr genau, dass man sich als ambitionierte Frau den Zugang zu gewissen Bereichen hart erk\u00e4mpfen muss.&#8220; (Amalia an eine Freundin, -Zitat aus: &#8222;Die Frau des Kaffeeh\u00e4ndlers&#8220;.) Das Erbe einer Familiendynastie. Das Schicksal dreier Generationen. Eine ergreifende Liebesgeschichte. Der Roman Hamburg, 1896, Um vom Bankier Ferdinand Claasen einen Kredit zu erhalten, willigt der ehrgeizige [&hellip;]<\/p>\n","protected":false},"author":2,"featured_media":0,"parent":0,"menu_order":0,"comment_status":"closed","ping_status":"closed","template":"","meta":{"_genesis_hide_title":false,"_genesis_hide_breadcrumbs":false,"_genesis_hide_singular_image":false,"_genesis_hide_footer_widgets":false,"_genesis_custom_body_class":"","_genesis_custom_post_class":"","_genesis_layout":"","footnotes":""},"class_list":{"0":"post-139","1":"page","2":"type-page","3":"status-publish","5":"entry"},"_links":{"self":[{"href":"https:\/\/susannerubin.de\/index.php?rest_route=\/wp\/v2\/pages\/139","targetHints":{"allow":["GET"]}}],"collection":[{"href":"https:\/\/susannerubin.de\/index.php?rest_route=\/wp\/v2\/pages"}],"about":[{"href":"https:\/\/susannerubin.de\/index.php?rest_route=\/wp\/v2\/types\/page"}],"author":[{"embeddable":true,"href":"https:\/\/susannerubin.de\/index.php?rest_route=\/wp\/v2\/users\/2"}],"replies":[{"embeddable":true,"href":"https:\/\/susannerubin.de\/index.php?rest_route=%2Fwp%2Fv2%2Fcomments&post=139"}],"version-history":[{"count":51,"href":"https:\/\/susannerubin.de\/index.php?rest_route=\/wp\/v2\/pages\/139\/revisions"}],"predecessor-version":[{"id":767,"href":"https:\/\/susannerubin.de\/index.php?rest_route=\/wp\/v2\/pages\/139\/revisions\/767"}],"wp:attachment":[{"href":"https:\/\/susannerubin.de\/index.php?rest_route=%2Fwp%2Fv2%2Fmedia&parent=139"}],"curies":[{"name":"wp","href":"https:\/\/api.w.org\/{rel}","templated":true}]}}